e greatest common divisor of 627 and a?
57
Let n be (-14)/(-4) + 3/6. Let z be (-1)/(-4) - (-23)/n. Let o be (-2)/z*(-5 - 40). Calculate the greatest common factor of 30 and o.
15
Suppose 4*c + 3 = g, 0 = 24*g - 29*g + c + 129. Calculate the greatest common divisor of 288 and g.
9
Let r be -2 - -8 - (-4126 + -4). Calculate the highest common divisor of r and 44.
44
Let t(z) = 5154*z + 1328. Let w be t(3). Calculate the greatest common factor of 230 and w.
230
Suppose d + 46 = 2*d. Let a = 163222 + -162440. What is the greatest common divisor of a and d?
46
Let f(v) = v**2 - v - 7. Let x be f(5). Suppose 130*i - 1183 = 6602 + 5735. What is the highest common divisor of x and i?
13
Let q be (-210)/51 - -4 - 240222/(-102). Calculate the highest common divisor of 30 and q.
15
Suppose 158 = j + 167, 31 = 4*u + 3*j - 1302. Let n(a) = 17*a**2. Let p be n(-5). What is the highest common divisor of p and u?
85
Let j(z) = -z**3 + 21*z**2 - 63*z - 83. Let g be j(16). What is the highest common divisor of g and 135?
27
Suppose -5*g - 3*g + 1040 = 0. Suppose -8*i + 6*i = g. Let o = 101 + i. What is the highest common factor of o and 9?
9
Suppose 4 = 3*u - 23 - 33. What is the greatest common divisor of u and 295?
5
Let p be (-45)/(-6)*(-6)/(-15). Suppose 0*m + m + 7 = -p*z, 4*m = -5*z + 7. Suppose -20 = -m*o + 2268. Calculate the highest common divisor of o and 26.
26
Let v(j) = -4*j**3 - 11*j**2 - j + 53. Let x be v(-6). Calculate the greatest common divisor of 124 and x.
31
Let b be (0 - 4) + (45 - -9)/9. Suppose -r + 4*z + 1102 = b*r, 4*z + 1476 = 4*r. What is the highest common divisor of r and 34?
34
Let o = 43906 - 43892. Suppose 0 = 3*j + 2*f - 34, 2*f = j - 0*j - 22. Calculate the greatest common divisor of o and j.
14
Suppose 0 = -4*h + u + 1262, -877 + 249 = -2*h + 2*u. Calculate the highest common factor of 21962 and h.
158
Let i(h) = h + 22. Let o be i(-20). Suppose -95 = -o*v + v. Suppose -5*l + 73 = 4*f, 5*l - v = 3*f - 8*f. Calculate the highest common factor of 242 and f.
22
Let m be (-4 - 286/(-65))/((-8)/(-220)). Suppose -v = -4*v + 33. What is the greatest common divisor of m and v?
11
Suppose -2*z - 80 - 384 = -860. What is the greatest common divisor of 90 and z?
18
Let x(h) be the first derivative of 10 - 15*h - 3/2*h**2. Let i be x(-7). Calculate the greatest common divisor of 24 and i.
6
Let f = 26 - 26. Suppose 5*n + 12 = 3*p - 46, f = 3*p - n - 62. Suppose -p + 0 = -3*u. Calculate the highest common divisor of u and 21.
7
Suppose 183*f = 182*f + 2, -b + 5*f + 7797 = 0. What is the highest common divisor of b and 211?
211
Let g = 13286 + -13262. Calculate the highest common factor of 5832 and g.
24
Let p be (3 + (-450)/(-4))/((-90)/(-60)). Calculate the highest common factor of p and 1519.
7
Suppose 35*a + 435 = 64*a. What is the greatest common divisor of a and 720?
15
Let f(g) = 31*g**3 - 22*g**2 + 28*g + 6. Let r be f(5). What is the greatest common factor of r and 156?
39
Let v = 513 - 492. Suppose 0 = i + 3, 2*y - 16 = 25*i - v*i. What is the highest common factor of y and 64?
2
Let o(u) = 2*u**2 + 2*u + 4. Let r be o(-3). Suppose 18*b = 23*b - 5. Let w be 9/(45/640)*b. Calculate the greatest common factor of r and w.
16
Let o = -2847 - -2851. Let i(w) = -w**2 - 20*w - 12. Let f be i(-19). Calculate the greatest common divisor of o and f.
1
Let s = 146 - 117. Suppose 5*a = -5*p + 2445, -5*p + 2461 = -6*a + 7*a. What is the greatest common factor of s and p?
29
Suppose x + 185 = -4*x. Suppose -5*c = 3*o - 389, -2*o - o = 4*c - 313. Let d = x + c. Calculate the highest common factor of 39 and d.
39
Suppose 3*w - 2*a - 506 - 808 = 0, 0 = w + 4*a - 452. Suppose w = 4*k + 128. What is the highest common factor of k and 104?
26
Suppose -2*b = b - 72. Suppose -4*m + 5*s + 28 + 1260 = 0, 4*m = -3*s + 1288. Suppose 9*c - m = 2. Calculate the highest common divisor of b and c.
12
Suppose -t - 8 = -5*u + 7*u, -2*t = -2*u + 10. Let m be -1 - (t + 6 - 6). What is the greatest common divisor of 45 and m?
5
Let y(p) = 4*p**2 + 28*p + 80. Let l be y(-11). Suppose 20*d - 12*d = l. What is the highest common factor of 24 and d?
8
Suppose 12288 = 13*t - 11*t - 5*y, 3*t - 2*y = 18432. Suppose t = -983*v + 989*v. Calculate the greatest common factor of 16 and v.
16
Suppose -46*h = -12*h - 2958. What is the greatest common factor of h and 30?
3
Suppose 5*q - 1520 = 3*v, 0 = -q - q + v + 608. Suppose -4*f = -c - 777 + 740, -4*c + f + 62 = 0. Calculate the highest common factor of c and q.
19
Suppose 76 + 20 = d. Let l = -16769 + 16889. Calculate the highest common factor of l and d.
24
Suppose -y = -4*p - 3, 2*p + 2*p + 4*y = 12. Let q be (p/(-6) - 6)*92/(-6). What is the greatest common factor of q and 69?
23
Let k be 1134952/32 - (-55)/(-44). Calculate the highest common divisor of 257 and k.
257
Let j = 25628 + -24998. What is the greatest common divisor of 3318 and j?
42
Let k be (5 - 2) + (70/8)/((-78)/(-55848)). What is the highest common factor of k and 4?
4
Suppose 2*i + 5*p - 194 = 0, 5*i - i - 344 = p. Let u = 116 - i. Suppose -179 = -5*y + 111. What is the greatest common divisor of y and u?
29
Suppose 4*a - 8*a + 143008 = 4*a. What is the greatest common divisor of a and 164?
164
Suppose 4*o = q + 618, 0 = -41*o + 44*o + 2*q - 458. Suppose 0 = -3*f + f + 44. What is the highest common divisor of o and f?
22
Let d be (-8441)/(-6) - (172/(-24) + (6 - -1)). What is the highest common divisor of d and 189?
21
Let t be -4 + (13 - 16) + 33 + 3/3. What is the greatest common factor of t and 189?
27
Let c = -258 + 279. Let j be (414/(-21))/((-6)/c). Let s be ((-10)/6 + 1)*-69. Calculate the highest common factor of s and j.
23
Suppose -2*g = -2*b - 62, -8 = 3*b + 1. Suppose g = 3*z - 539. Calculate the highest common factor of 63 and z.
63
Suppose 3*s + 2*q = -82, -4*q + 14 = -2*s - 62. Let n(v) = v**2 + 9*v. Let d be n(-12). Let x = d + s. What is the highest common factor of 2 and x?
2
Suppose -108 = -7*o + 3*o. Suppose -5*r = -2*r + p + o, -5*r = -4*p + 28. Let s(v) = -3*v - 17. Let g be s(r). Calculate the highest common divisor of 21 and g.
7
Let w(r) = -r**2 - 14*r + 15. Let g be w(-14). Suppose -14*j + 18 = -g*j. Let f be (-690)/j + (-4)/12. What is the highest common divisor of f and 76?
38
Suppose 4*t - 569 = -69. Suppose -4*i + t = i. Suppose 2*o - 281 = -2*h + 275, -1094 = -4*h + 2*o. Calculate the highest common factor of h and i.
25
Suppose -2667 + 940 - 2305 = -64*s. Calculate the highest common divisor of s and 2016.
63
Let j = 397 + -392. Suppose -68 = -5*b + 4*d, 59 - j = 4*b - 3*d. What is the greatest common factor of b and 84?
12
Let r(q) = -q + 1. Let j(v) = -36*v + 42. Let a(l) = -j(l) + 4*r(l). Let z be a(6). What is the highest common divisor of 14 and z?
14
Let k(p) = -93*p + 5. Let v(c) = -278*c + 14. Let j(d) = -14*k(d) + 5*v(d). Let t be j(-1). Let x = 809 + -801. Calculate the highest common factor of x and t.
8
Suppose -3*q + 60 = 15. Suppose -10*n + 179340 = -5*n + 239*n. Calculate the highest common divisor of q and n.
15
Let b be (-3)/9*1*87. Let i be (b - -3)/(2*(-6)/336). Calculate the highest common factor of 91 and i.
91
Let g = 375 - 364. Suppose -g*q = 139 - 1261. Calculate the greatest common divisor of q and 12.
6
Let v be 4 + (-5816)/(((-18)/12 + 1)*4). What is the highest common divisor of v and 16?
16
Let g(q) = q**2 - q + 1. Suppose 2*c = 3*y - 120, -4*c + y - 240 = -0*y. Let z = c + 63. Let j be g(z). Calculate the highest common divisor of 7 and j.
7
Suppose 0 = 27*b - 29*b + 3*t + 1203, t = 4*b - 2391. Calculate the greatest common divisor of b and 6.
3
Suppose -3*h + 15 = -2*h. Suppose -1755 = -20*v - 22 - 33. Calculate the greatest common divisor of h and v.
5
Suppose -25*w + 23*w = s - 707, 0 = -2*s - w + 1429. Let t = 789 - s. Calculate the greatest common factor of 4 and t.
4
Suppose 0 = -3*v - 5*a + 33, -99*a = -95*a. Calculate the greatest common factor of v and 14993.
11
Suppose 0 = 12*c - 212 - 832. Suppose -4*h + 447 = 3*w, 2*w + 4*h = 2*h + 296. What is the highest common factor of c and w?
29
Let f(u) = -67*u**3 - u**2 + 3*u + 4. Let l(d) = -d**3 + d**2 + d - 2. Let k be l(0). Let b be f(k). What is the greatest common factor of b and 10?
10
Let h(t) = -179*t**3 + 2*t**2 + 3*t - 14